.
7
Let c = -48 + 108. Let w be ((-120)/50)/((-1)/c). Calculate the highest common factor of 18 and w.
18
Let q = 36 - 15. Calculate the greatest common factor of q and 3.
3
Let z = 10 - 6. Let g(j) = -j - 5. Let p be g(-4). Let m(t) = -11*t**3 - 2*t**2 + 1. Let d be m(p). What is the highest common factor of z and d?
2
Let g be ((-1)/(-2) - 1)*(-96)/4. Calculate the greatest common factor of g and 36.
12
Let x(u) = -19*u - 9. Let v be x(-2). What is the greatest common factor of v and 29?
29
Let h be 0 - (-3 + 0 - 1). What is the highest common divisor of h and 6?
2
Suppose -26 = -2*d - 18. Calculate the highest common divisor of 16 and d.
4
Suppose -2*y + 46 = -34. Suppose -n - 5*j - 20 = 0, 10*n + 5*j = 5*n. What is the highest common factor of n and y?
5
Suppose -h = 2*h - 168. Let v = h + -30. Calculate the greatest common divisor of 234 and v.
26
Suppose 30 = 4*v - 26. What is the greatest common divisor of 98 and v?
14
Let d(l) be the third derivative of -17*l**4/3 - l**3/6 + 2*l**2. Let g be d(-1). Suppose -2*s + g = s. Calculate the greatest common divisor of 5 and s.
5
Let r be 4/6 + (-253)/(-3). Let n be 16/7 - (-10)/(-35). Suppose -z - z = 4*k - 132, n*z = -4. What is the greatest common factor of r and k?
17
Let j = 99 + -66. What is the highest common factor of j and 22?
11
Suppose 0*w + 2082 = 5*w - 4*r, 4*w - 1682 = -5*r. Suppose b + w = -b. Let v = b + 299. What is the greatest common factor of v and 9?
9
Suppose 5*y - 72 = y. Suppose -m - y = 2*m. Let z be 8/m*(-30)/4. Calculate the highest common divisor of 10 and z.
10
Suppose 11*s = 6*s + 325. Calculate the greatest common divisor of 26 and s.
13
Suppose -83 + 3 = -4*q. Suppose 0*j = -2*j + 8. What is the greatest common factor of q and j?
4
Suppose 0 = -4*u + 8*u + 24. Let d(b) = 3*b**2 + 5*b - 6. Let y be d(u). Suppose 3*a + 0*a - 24 = 0. Calculate the highest common factor of a and y.
8
Suppose 2*v = -b, 0 = -4*b - 0*v - v. Suppose -2*j + 64 = -b*j + 4*q, 0 = -4*j + 2*q + 118. Calculate the highest common divisor of 45 and j.
15
Suppose p - 12 = 6*p - 4*s, -3*p - 8 = -2*s. Let y be 45*p/30*-5. Let i = -6 + 12. Calculate the greatest common factor of y and i.
6
Suppose -3*h + 2*h = 0. Let v be (h - -1) + 1 + 1. Calculate the highest common factor of 2 and v.
1
Let b be 2/(-6) + 48/9. Suppose -q = -3*q + b*l + 30, 3*q - l - 71 = 0. Calculate the greatest common divisor of q and 25.
25
Let d = 45 - 28. What is the highest common factor of d and 187?
17
Suppose 0*j = -3*j - 54. Let f = -7 - j. Suppose -17 - 27 = -m. What is the greatest common divisor of m and f?
11
Suppose 3*f - f + 2*m = -4, m = 4. Let a(w) = -3*w - 15. Let n be a(f). What is the highest common factor of 27 and n?
3
Let g(r) = 100*r. Let x be g(9). Suppose -3*w = -5*w + x. Suppose w = -0*s + 5*s. Calculate the highest common divisor of 9 and s.
9
Let h be ((-60)/70)/(1/(-14)). Let w(d) = 8*d**2 - 4*d. Let s be w(-3). Calculate the highest common factor of s and h.
12
Suppose -4*g + 111 + 105 = 0. Let j be 11/2 - (-5)/(-10). Let w be j*(6/5 - 0). What is the greatest common divisor of w and g?
6
Let u(o) = -o**3 - 5*o**2 + 5*o + 7. Let j be u(-6). Suppose z + 8 = 1. Let r = z + j. Calculate the highest common factor of r and 48.
6
Let f = 2 + 3. Let s(y) be the third derivative of -y**6/120 + y**5/15 + y**4/3 - y**3/2 + y**2. Let t be s(f). What is the greatest common divisor of t and 30?
6
Suppose 2*b - 7*b = -70. Let w(x) = 10*x**2 + x. Let v be w(2). Calculate the greatest common factor of v and b.
14
Let j = -2 + 20. Suppose -t = -n - 4*t + 198, -5*t = -3*n + 594. Calculate the greatest common divisor of n and j.
18
Let g be (-32)/6*39/(-26). Let o(x) = 5*x**3 - 4*x**2 - 4*x - 3. Let r be o(4). Let s = -149 + r. Calculate the greatest common divisor of g and s.
8
Let a(r) = r**2 - 8*r + 12. Let k be a(8). Calculate the highest common divisor of k and 8.
4
Let s = -39 - -265. Let w = -37 - s. Let m = -172 - w. What is the greatest common divisor of 13 and m?
13
Suppose -32 = -3*l - l. Let q(f) = -20*f + l + 5*f - 2. Let m be q(-8). What is the greatest common factor of m and 18?
18
Let b = 280 - 159. What is the highest common divisor of 11 and b?
11
Suppose -y - 29 = -2*c, 0*y + y - 67 = -4*c. What is the highest common factor of c and 8?
8
Let b(m) = -m**2 - 8*m + 7. Let x be b(-5). Let k be 330/2*(-2)/(-3). Suppose k = 2*g - 0*g. Calculate the highest common factor of g and x.
11
Let p(t) = 4*t - 4. Let l(q) = 5*q - 3. Let f(y) = -3*l(y) + 4*p(y). Let j be f(8). Let h be 4708/28 - j/7. Calculate the greatest common divisor of 21 and h.
21
Suppose -1 + 9 = 2*w. Let p(o) = -5*o - 7 - o**2 + 5*o + 14 - w*o. Let u be p(-5). Calculate the highest common factor of 4 and u.
2
Let j be 5*29 + 2 + -1. Suppose 3*g + 5*k = j, -3*k - 7 = -2*g + 65. Calculate the highest common divisor of 105 and g.
21
Let s = -73 - -133. What is the highest common divisor of 24 and s?
12
Let a be (1 - 2) + (2 - 2). Let d be 3 - 1 - (a + -1). What is the highest common factor of d and 20?
4
Let d(i) = -i + 12. Let b be d(9). Suppose b*r - r = 20. What is the greatest common divisor of 80 and r?
10
Let f be 9/(135/6)*200. What is the greatest common factor of f and 32?
16
Suppose 4*y - 136 = -2*f, 0*y + 5*y - 184 = f. Calculate the highest common divisor of y and 12.
12
Let v be (-2 - 1)*48/(-9). Let a(f) = -2*f + 8. Let b(u) = -u - 8. Let s be b(-8). Let i be a(s). What is the highest common factor of i and v?
8
Let d(j) = -j**3 + 23*j**2 - 20*j - 4. Let r be d(22). What is the highest common divisor of 10 and r?
10
Suppose 4 = 4*z, 0 = -3*k - 0*z + 2*z + 298. What is the greatest common factor of k and 40?
20
Let h be ((-16)/(-5))/((-531)/(-105) - 5). Let f be 2/7 + (-162)/(-21). Calculate the greatest common divisor of h and f.
8
Let z = -149 + 181. What is the greatest common factor of 24 and z?
8
Let a be 1/((-1)/(-9)*3). Let q(p) = 5*p - 9. Let s be q(6). What is the greatest common divisor of s and a?
3
Suppose -4*f = -0*f - 164. Let n = 80 - f. Let o be -1 - ((-4 - -3) + -26). Calculate the greatest common divisor of n and o.
13
Suppose 5*s = -j + 52 - 13, -5*s + 43 = 2*j. What is the greatest common divisor of 7 and s?
7
Suppose -o - 4 = -3*j - 0*j, -5*j + o = -4. Let s be 9 - (j + (6 - 3)). What is the greatest common divisor of s and 66?
6
Suppose 4*p = 2*p + 28. What is the highest common factor of p and 98?
14
Let l = 35 + -17. Suppose -2*r = 0, 3*r - 5*r = 4*h - 36. What is the greatest common factor of h and l?
9
Let z be 108/8 - 3/2. Let b(h) = -h - 4. Let j be b(-3). Let x = z + j. What is the greatest common factor of x and 121?
11
Let r(c) = c**3 + 12*c**2 + 10*c + 13. Let d be r(-11). Let f(w) = -w**3 - 4*w**2 + 2*w - 3. Let o be f(-5). What is the highest common factor of d and o?
12
Let u(d) = 3*d - 4. Let m be u(2). Let h be 1 - -167*(3 - m). What is the highest common divisor of h and 24?
24
Suppose -2*k = 3*t - t - 16, -21 = -3*k - 4*t. Suppose l = -4*l + 605. Calculate the highest common factor of k and l.
11
Let r be ((-208)/(-39))/(1/6). What is the greatest common divisor of 48 and r?
16
Suppose 4*z + 2*r = 7*r + 112, -4*z + 112 = 3*r. Let h be (-7)/((3/1)/(-36)). Calculate the highest common divisor of z and h.
28
Let k be (-11 + 2)/1*-13. Suppose -3*d = -0*d - k. Let b = -59 + 72. What is the greatest common divisor of d and b?
13
Let k be ((-1)/3)/((-2)/186). Let z = k - 20. What is the greatest common factor of 121 and z?
11
Suppose -3*s + 22 = -4*t, -1 = 2*t + 1. Let h be 4/6 + 196/3. Calculate the greatest common divisor of s and h.
6
Suppose 0 = 4*n - 168 - 332. Suppose f + 4*f = n. Let s(z) = -z**2 + 7*z. Let y be s(5). What is the greatest common divisor of y and f?
5
Let d(g) = 25*g**2 - 4*g + 3. Let s be d(2). What is the highest common divisor of s and 19?
19
Let s(g) = 3*g - 2. Let t be s(2). Suppose -t*m + 2*m + 6 = 0. Suppose -d = -5*r + 115, m*r - 15 = -5*d + 54. Calculate the highest common factor of r and 253.
23
Let j = -102 + 105. Let s = 45 + -21. What is the greatest common divisor of j and s?
3
Let s = -287 + 158. Let n = -73 - s. What is the highest common factor of 14 and n?
14
Let z(s) = -s**3 + 9*s**2 + 12*s - 15. Let j be z(10). Let k be ((-2)/j)/(3/(-30)). Calculate th